{"id":932,"date":"2021-08-01T16:08:31","date_gmt":"2021-08-01T14:08:31","guid":{"rendered":"http:\/\/www.spassbeisaite.de\/wp03\/?post_type=product&#038;p=932"},"modified":"2024-11-14T11:11:16","modified_gmt":"2024-11-14T10:11:16","slug":"michael-schmolke-j-s-bach-15-inventions-guitar-duets-and-trios","status":"publish","type":"product","link":"https:\/\/www.spassbeisaite.de\/wp03\/shop\/musik\/michael-schmolke-j-s-bach-15-inventions-guitar-duets-and-trios\/","title":{"rendered":"Michael Schmolke | J.S. Bach: 15 Inventions | Guitar Duets And Trios"},"content":{"rendered":"<p>Interpret: Michael Schmolke<\/p>\n<p>Digital Music Album, 30 Titel, Spielzeit 54 min.<\/p>\n<p>\u2117 2019 Dunga Music<\/p>\n<p><strong>Streaming:<\/strong><\/p>\n<ul>\n<li><a href=\"https:\/\/music.apple.com\/us\/album\/j-s-bach-15-inventions-guitar-duets-and-trios\/1471158762?mt=1&amp;app=music\" target=\"_blank\" rel=\"noopener\">Apple Music \/ iTunes<\/a><\/li>\n<li><a href=\"https:\/\/open.spotify.com\/album\/4bIRYBfYSoIg7zta0nLGLx\" target=\"_blank\" rel=\"noopener\">spotify<\/a><\/li>\n<li><a href=\"https:\/\/www.amazon.de\/J-S-Bach-Inventions-Guitar-Duets\/dp\/B07TXLM4V9\/ref=sr_1_31?Adv-Srch-Digital-Music-Submit.x=71&amp;Adv-Srch-Digital-Music-Submit.y=13&amp;__mk_de_DE=%C3%85M%C3%85Z%C3%95%C3%91&amp;qid=1562842826&amp;refinements=p_27%3AMichael+Schmolke&amp;s=dmusic&amp;sr=1-31\" target=\"_blank\" rel=\"noopener\">Amazon Music<\/a><\/li>\n<li><a href=\"https:\/\/www.deezer.com\/de\/album\/102210742\" target=\"_blank\" rel=\"noopener\">Deezer<\/a><\/li>\n<li><a href=\"https:\/\/www.youtube.com\/playlist?list=OLAK5uy_nlq4_fY_zkGe3jY-b-0fGFn2uUlswfMWQ\" target=\"_blank\" rel=\"noopener\">YouTube Music<\/a><\/li>\n<li>\u2026au\u00dferdem auf:<br \/>\n7Digital, LiveXLive, Shazam, Tidal, Napster\/Rhapsody, Facebook\/Instagram, Yandex, KKBox, Tencent, NetEase CloudMusic, TikTok, Anghami, Resso<\/li>\n<\/ul>\n<p><strong>Kein Streaming Abo? Dann gleich hier in h\u00f6chster mp3-Qualit\u00e4t (44,1 kHz | 16bit | 320 Kbit\/s) im Shop herunterladen f\u00fcr nur \u20ac 11,95!<\/strong><\/p>\n<p>Das Album enth\u00e4lt neue Bearbeitungen von Bachs Inventionen BWV 772-786 f\u00fcr Gitarre. Jede Invention ist in zwei Versionen zu h\u00f6ren: Einmal in einer m\u00f6glichst werktreuen Duo-Fassung, und dann nochmals als Trio mit einer neu komponierten dritten Gitarrenstimme. Die Partituren zu diesen Aufnahmen sind <a href=\"https:\/\/www.spassbeisaite.de\/wp03\/portfolio-item\/inventionen-buchreihe\/\">ebenfalls hier erh\u00e4ltlich.<\/a><\/p>\n<p><strong>H\u00f6rbeispiele:<\/strong><\/p>\n<div  class='avia-video av-21ifgi-7cb853da788a416aa55d683c3e8ab55b avia-video-16-9 av-no-preview-image avia-video-load-always av-lazyload-immediate av-lazyload-video-embed'  itemprop=\"video\" itemtype=\"https:\/\/schema.org\/VideoObject\"  data-original_url='https:\/\/youtu.be\/w78dJuycWoQ'><script type='text\/html' class='av-video-tmpl'><div class='avia-iframe-wrap'><iframe loading=\"lazy\" title=\"Invention 8, D Major, Bwv 779 (Arr. For Two Guitars)\" width=\"1333\" height=\"1000\" src=\"https:\/\/www.youtube.com\/embed\/w78dJuycWoQ?feature=oembed&autoplay=0&loop=0&controls=1&mute=0\" frameborder=\"0\" allow=\"accelerometer; autoplay; clipboard-write; encrypted-media; gyroscope; picture-in-picture\" allowfullscreen><\/iframe><\/div><\/script><div class='av-click-to-play-overlay'><div class=\"avia_playpause_icon\"><\/div><\/div><\/div>\n<div  class='avia-video av-21ifgi-3-9f113d2715eba2392ed435ad9cf91a69 avia-video-16-9 av-no-preview-image avia-video-load-always av-lazyload-immediate av-lazyload-video-embed'  itemprop=\"video\" itemtype=\"https:\/\/schema.org\/VideoObject\"  data-original_url='https:\/\/youtu.be\/SdvITyZDpwA'><script type='text\/html' class='av-video-tmpl'><div class='avia-iframe-wrap'><iframe loading=\"lazy\" title=\"Invention 8, D Major, Bwv 779 (Arr. For Three Guitars, 3Rd Guit. Composed By M. Schmolke)\" width=\"1333\" height=\"1000\" src=\"https:\/\/www.youtube.com\/embed\/SdvITyZDpwA?feature=oembed&autoplay=0&loop=0&controls=1&mute=0\" frameborder=\"0\" allow=\"accelerometer; autoplay; clipboard-write; encrypted-media; gyroscope; picture-in-picture\" allowfullscreen><\/iframe><\/div><\/script><div class='av-click-to-play-overlay'><div class=\"avia_playpause_icon\"><\/div><\/div><\/div>\n<div  class='avia-video av-21ifgi-2-6a0155516ab491d08102fe073aa10f41 avia-video-16-9 av-no-preview-image avia-video-load-always av-lazyload-immediate av-lazyload-video-embed'  itemprop=\"video\" itemtype=\"https:\/\/schema.org\/VideoObject\"  data-original_url='https:\/\/youtu.be\/ueM77cuQLS4'><script type='text\/html' class='av-video-tmpl'><div class='avia-iframe-wrap'><iframe loading=\"lazy\" title=\"Invention 2, A Minor, Bwv 773 (Arr. For Two Guitars)\" width=\"1333\" height=\"1000\" src=\"https:\/\/www.youtube.com\/embed\/ueM77cuQLS4?feature=oembed&autoplay=0&loop=0&controls=1&mute=0\" frameborder=\"0\" allow=\"accelerometer; autoplay; clipboard-write; encrypted-media; gyroscope; picture-in-picture\" allowfullscreen><\/iframe><\/div><\/script><div class='av-click-to-play-overlay'><div class=\"avia_playpause_icon\"><\/div><\/div><\/div>\n<div  class='avia-video av-21ifgi-1-33a94e6eca1a6d06b1437e047cb72395 avia-video-16-9 av-no-preview-image avia-video-load-always av-lazyload-immediate av-lazyload-video-embed'  itemprop=\"video\" itemtype=\"https:\/\/schema.org\/VideoObject\"  data-original_url='https:\/\/youtu.be\/fu8bzukOMKc'><script type='text\/html' class='av-video-tmpl'><div class='avia-iframe-wrap'><iframe loading=\"lazy\" title=\"Invention 2, A Minor, Bwv 773 (Arr. For Three Guitars, 3Rd Guit. Composed By M. Schmolke)\" width=\"1333\" height=\"1000\" src=\"https:\/\/www.youtube.com\/embed\/fu8bzukOMKc?feature=oembed&autoplay=0&loop=0&controls=1&mute=0\" frameborder=\"0\" allow=\"accelerometer; autoplay; clipboard-write; encrypted-media; gyroscope; picture-in-picture\" allowfullscreen><\/iframe><\/div><\/script><div class='av-click-to-play-overlay'><div class=\"avia_playpause_icon\"><\/div><\/div><\/div>\n","protected":false},"excerpt":{"rendered":"<p>Interpret: Michael Schmolke<\/p>\n<p>Digital Music Album, 30 Titel, Spielzeit 54 min.<\/p>\n<p>\u2117 2019 Dunga Music<\/p>\n<p>Du erh\u00e4ltst nach Kaufabwicklung einen <strong>einmalig verwendbaren Download-Link <\/strong>per Mail und \u2013 sofern vorhanden \u2013 im Kundenkonto.<strong><br \/>\n<\/strong><\/p>\n","protected":false},"featured_media":946,"template":"","meta":[],"product_brand":[],"product_cat":[117],"product_tag":[113,92,159,82,83,84,81,137,80,158,131,136,132,90],"class_list":{"0":"post-932","1":"product","2":"type-product","3":"status-publish","4":"has-post-thumbnail","6":"product_cat-musik","7":"product_tag-bach-transkription-gitarre","8":"product_tag-bach-transkription-fuer-gitarre","9":"product_tag-barock-gitarre","10":"product_tag-gitarre","11":"product_tag-gitarrenduo","12":"product_tag-gitarrentrio","13":"product_tag-inventionen-bach","14":"product_tag-inventionen-bach-gitarre","15":"product_tag-j-s-bach","16":"product_tag-klassik-gitarre","17":"product_tag-michael-schmolke-album","18":"product_tag-michael-schmolke-gitarre","19":"product_tag-michael-schmolke-solo-album","20":"product_tag-transkription-fuer-gitarre","22":"first","23":"instock","24":"downloadable","25":"virtual","26":"purchasable","27":"product-type-simple"},"yoast_head":"<!-- This site is optimized with the Yoast SEO plugin v27.4 - https:\/\/yoast.com\/product\/yoast-seo-wordpress\/ -->\n<title>Michael Schmolke | J.S. Bach: 15 Inventions | Guitar Duets And Trios | SPASS BEISAITE\u00ae<\/title>\n<meta name=\"description\" content=\"Neue Bearbeitungen von Bachs Inventionen BWV 772-786 f\u00fcr 2-3 Gitarren. Album Download in h\u00f6chster mp3-Qualit\u00e4t (44,1 kHz | 16bit | 320 Kbit\/s) oder Streaming auf allen g\u00e4ngigen Plattformen.\" \/>\n<meta name=\"robots\" content=\"index, follow, max-snippet:-1, max-image-preview:large, max-video-preview:-1\" \/>\n<link rel=\"canonical\" href=\"https:\/\/www.spassbeisaite.de\/wp03\/shop\/musik\/michael-schmolke-j-s-bach-15-inventions-guitar-duets-and-trios\/\" \/>\n<meta property=\"og:locale\" content=\"de_DE\" \/>\n<meta property=\"og:type\" content=\"article\" \/>\n<meta property=\"og:title\" content=\"Michael Schmolke | J.S. Bach: 15 Inventions | Guitar Duets And Trios | SPASS BEISAITE\u00ae\" \/>\n<meta property=\"og:description\" content=\"Neue Bearbeitungen von Bachs Inventionen BWV 772-786 f\u00fcr 2-3 Gitarren. Album Download in h\u00f6chster mp3-Qualit\u00e4t (44,1 kHz | 16bit | 320 Kbit\/s) oder Streaming auf allen g\u00e4ngigen Plattformen.\" \/>\n<meta property=\"og:url\" content=\"https:\/\/www.spassbeisaite.de\/wp03\/shop\/musik\/michael-schmolke-j-s-bach-15-inventions-guitar-duets-and-trios\/\" \/>\n<meta property=\"og:site_name\" content=\"SPASS BEISAITE\u00ae\" \/>\n<meta property=\"article:modified_time\" content=\"2024-11-14T10:11:16+00:00\" \/>\n<meta property=\"og:image\" content=\"https:\/\/www.spassbeisaite.de\/wp03\/wp-content\/uploads\/2021\/08\/album-15-inventions-vs3-ohne-rand-150dpi-scaled.jpg\" \/>\n\t<meta property=\"og:image:width\" content=\"2560\" \/>\n\t<meta property=\"og:image:height\" content=\"2560\" \/>\n\t<meta property=\"og:image:type\" content=\"image\/jpeg\" \/>\n<meta name=\"twitter:card\" content=\"summary_large_image\" \/>\n<meta name=\"twitter:label1\" content=\"Gesch\u00e4tzte Lesezeit\" \/>\n\t<meta name=\"twitter:data1\" content=\"1\u00a0Minute\" \/>\n<script type=\"application\/ld+json\" class=\"yoast-schema-graph\">{\"@context\":\"https:\\\/\\\/schema.org\",\"@graph\":[{\"@type\":\"WebPage\",\"@id\":\"https:\\\/\\\/www.spassbeisaite.de\\\/wp03\\\/shop\\\/musik\\\/michael-schmolke-j-s-bach-15-inventions-guitar-duets-and-trios\\\/\",\"url\":\"https:\\\/\\\/www.spassbeisaite.de\\\/wp03\\\/shop\\\/musik\\\/michael-schmolke-j-s-bach-15-inventions-guitar-duets-and-trios\\\/\",\"name\":\"Michael Schmolke | J.S. Bach: 15 Inventions | Guitar Duets And Trios | SPASS BEISAITE\u00ae\",\"isPartOf\":{\"@id\":\"https:\\\/\\\/www.spassbeisaite.de\\\/wp03\\\/#website\"},\"primaryImageOfPage\":{\"@id\":\"https:\\\/\\\/www.spassbeisaite.de\\\/wp03\\\/shop\\\/musik\\\/michael-schmolke-j-s-bach-15-inventions-guitar-duets-and-trios\\\/#primaryimage\"},\"image\":{\"@id\":\"https:\\\/\\\/www.spassbeisaite.de\\\/wp03\\\/shop\\\/musik\\\/michael-schmolke-j-s-bach-15-inventions-guitar-duets-and-trios\\\/#primaryimage\"},\"thumbnailUrl\":\"https:\\\/\\\/www.spassbeisaite.de\\\/wp03\\\/wp-content\\\/uploads\\\/2021\\\/08\\\/album-15-inventions-vs3-ohne-rand-150dpi-scaled.jpg\",\"datePublished\":\"2021-08-01T14:08:31+00:00\",\"dateModified\":\"2024-11-14T10:11:16+00:00\",\"description\":\"Neue Bearbeitungen von Bachs Inventionen BWV 772-786 f\u00fcr 2-3 Gitarren. Album Download in h\u00f6chster mp3-Qualit\u00e4t (44,1 kHz | 16bit | 320 Kbit\\\/s) oder Streaming auf allen g\u00e4ngigen Plattformen.\",\"breadcrumb\":{\"@id\":\"https:\\\/\\\/www.spassbeisaite.de\\\/wp03\\\/shop\\\/musik\\\/michael-schmolke-j-s-bach-15-inventions-guitar-duets-and-trios\\\/#breadcrumb\"},\"inLanguage\":\"de\",\"potentialAction\":[{\"@type\":\"ReadAction\",\"target\":[\"https:\\\/\\\/www.spassbeisaite.de\\\/wp03\\\/shop\\\/musik\\\/michael-schmolke-j-s-bach-15-inventions-guitar-duets-and-trios\\\/\"]}]},{\"@type\":\"ImageObject\",\"inLanguage\":\"de\",\"@id\":\"https:\\\/\\\/www.spassbeisaite.de\\\/wp03\\\/shop\\\/musik\\\/michael-schmolke-j-s-bach-15-inventions-guitar-duets-and-trios\\\/#primaryimage\",\"url\":\"https:\\\/\\\/www.spassbeisaite.de\\\/wp03\\\/wp-content\\\/uploads\\\/2021\\\/08\\\/album-15-inventions-vs3-ohne-rand-150dpi-scaled.jpg\",\"contentUrl\":\"https:\\\/\\\/www.spassbeisaite.de\\\/wp03\\\/wp-content\\\/uploads\\\/2021\\\/08\\\/album-15-inventions-vs3-ohne-rand-150dpi-scaled.jpg\",\"width\":2560,\"height\":2560,\"caption\":\"Michael Schmolke: J.S. Bach - 15 Inventions - Guitar Duets And Trios.\"},{\"@type\":\"BreadcrumbList\",\"@id\":\"https:\\\/\\\/www.spassbeisaite.de\\\/wp03\\\/shop\\\/musik\\\/michael-schmolke-j-s-bach-15-inventions-guitar-duets-and-trios\\\/#breadcrumb\",\"itemListElement\":[{\"@type\":\"ListItem\",\"position\":1,\"name\":\"Startseite\",\"item\":\"https:\\\/\\\/www.spassbeisaite.de\\\/wp03\\\/\"},{\"@type\":\"ListItem\",\"position\":2,\"name\":\"Shop\",\"item\":\"https:\\\/\\\/www.spassbeisaite.de\\\/wp03\\\/shop\\\/\"},{\"@type\":\"ListItem\",\"position\":3,\"name\":\"Michael Schmolke | J.S. Bach: 15 Inventions | Guitar Duets And Trios\"}]},{\"@type\":\"WebSite\",\"@id\":\"https:\\\/\\\/www.spassbeisaite.de\\\/wp03\\\/#website\",\"url\":\"https:\\\/\\\/www.spassbeisaite.de\\\/wp03\\\/\",\"name\":\"SPASS BEISAITE\u00ae\",\"description\":\"Musikverlag | Label | Unterricht\",\"publisher\":{\"@id\":\"https:\\\/\\\/www.spassbeisaite.de\\\/wp03\\\/#organization\"},\"potentialAction\":[{\"@type\":\"SearchAction\",\"target\":{\"@type\":\"EntryPoint\",\"urlTemplate\":\"https:\\\/\\\/www.spassbeisaite.de\\\/wp03\\\/?s={search_term_string}\"},\"query-input\":{\"@type\":\"PropertyValueSpecification\",\"valueRequired\":true,\"valueName\":\"search_term_string\"}}],\"inLanguage\":\"de\"},{\"@type\":\"Organization\",\"@id\":\"https:\\\/\\\/www.spassbeisaite.de\\\/wp03\\\/#organization\",\"name\":\"SPASS BEISAITE Musikverlag\",\"url\":\"https:\\\/\\\/www.spassbeisaite.de\\\/wp03\\\/\",\"logo\":{\"@type\":\"ImageObject\",\"inLanguage\":\"de\",\"@id\":\"https:\\\/\\\/www.spassbeisaite.de\\\/wp03\\\/#\\\/schema\\\/logo\\\/image\\\/\",\"url\":\"http:\\\/\\\/www.spassbeisaite.de\\\/wp03\\\/wp-content\\\/uploads\\\/2021\\\/07\\\/spass-schriftzug-14-wp-500x500-7.png\",\"contentUrl\":\"http:\\\/\\\/www.spassbeisaite.de\\\/wp03\\\/wp-content\\\/uploads\\\/2021\\\/07\\\/spass-schriftzug-14-wp-500x500-7.png\",\"width\":500,\"height\":500,\"caption\":\"SPASS BEISAITE Musikverlag\"},\"image\":{\"@id\":\"https:\\\/\\\/www.spassbeisaite.de\\\/wp03\\\/#\\\/schema\\\/logo\\\/image\\\/\"},\"sameAs\":[\"https:\\\/\\\/www.youtube.com\\\/channel\\\/UC0tdinT0D3WmEvlAVIQfsuQ\"]}]}<\/script>\n<!-- \/ Yoast SEO plugin. -->","yoast_head_json":{"title":"Michael Schmolke | J.S. Bach: 15 Inventions | Guitar Duets And Trios | SPASS BEISAITE\u00ae","description":"Neue Bearbeitungen von Bachs Inventionen BWV 772-786 f\u00fcr 2-3 Gitarren. Album Download in h\u00f6chster mp3-Qualit\u00e4t (44,1 kHz | 16bit | 320 Kbit\/s) oder Streaming auf allen g\u00e4ngigen Plattformen.","robots":{"index":"index","follow":"follow","max-snippet":"max-snippet:-1","max-image-preview":"max-image-preview:large","max-video-preview":"max-video-preview:-1"},"canonical":"https:\/\/www.spassbeisaite.de\/wp03\/shop\/musik\/michael-schmolke-j-s-bach-15-inventions-guitar-duets-and-trios\/","og_locale":"de_DE","og_type":"article","og_title":"Michael Schmolke | J.S. Bach: 15 Inventions | Guitar Duets And Trios | SPASS BEISAITE\u00ae","og_description":"Neue Bearbeitungen von Bachs Inventionen BWV 772-786 f\u00fcr 2-3 Gitarren. Album Download in h\u00f6chster mp3-Qualit\u00e4t (44,1 kHz | 16bit | 320 Kbit\/s) oder Streaming auf allen g\u00e4ngigen Plattformen.","og_url":"https:\/\/www.spassbeisaite.de\/wp03\/shop\/musik\/michael-schmolke-j-s-bach-15-inventions-guitar-duets-and-trios\/","og_site_name":"SPASS BEISAITE\u00ae","article_modified_time":"2024-11-14T10:11:16+00:00","og_image":[{"width":2560,"height":2560,"url":"https:\/\/www.spassbeisaite.de\/wp03\/wp-content\/uploads\/2021\/08\/album-15-inventions-vs3-ohne-rand-150dpi-scaled.jpg","type":"image\/jpeg"}],"twitter_card":"summary_large_image","twitter_misc":{"Gesch\u00e4tzte Lesezeit":"1\u00a0Minute"},"schema":{"@context":"https:\/\/schema.org","@graph":[{"@type":"WebPage","@id":"https:\/\/www.spassbeisaite.de\/wp03\/shop\/musik\/michael-schmolke-j-s-bach-15-inventions-guitar-duets-and-trios\/","url":"https:\/\/www.spassbeisaite.de\/wp03\/shop\/musik\/michael-schmolke-j-s-bach-15-inventions-guitar-duets-and-trios\/","name":"Michael Schmolke | J.S. Bach: 15 Inventions | Guitar Duets And Trios | SPASS BEISAITE\u00ae","isPartOf":{"@id":"https:\/\/www.spassbeisaite.de\/wp03\/#website"},"primaryImageOfPage":{"@id":"https:\/\/www.spassbeisaite.de\/wp03\/shop\/musik\/michael-schmolke-j-s-bach-15-inventions-guitar-duets-and-trios\/#primaryimage"},"image":{"@id":"https:\/\/www.spassbeisaite.de\/wp03\/shop\/musik\/michael-schmolke-j-s-bach-15-inventions-guitar-duets-and-trios\/#primaryimage"},"thumbnailUrl":"https:\/\/www.spassbeisaite.de\/wp03\/wp-content\/uploads\/2021\/08\/album-15-inventions-vs3-ohne-rand-150dpi-scaled.jpg","datePublished":"2021-08-01T14:08:31+00:00","dateModified":"2024-11-14T10:11:16+00:00","description":"Neue Bearbeitungen von Bachs Inventionen BWV 772-786 f\u00fcr 2-3 Gitarren. Album Download in h\u00f6chster mp3-Qualit\u00e4t (44,1 kHz | 16bit | 320 Kbit\/s) oder Streaming auf allen g\u00e4ngigen Plattformen.","breadcrumb":{"@id":"https:\/\/www.spassbeisaite.de\/wp03\/shop\/musik\/michael-schmolke-j-s-bach-15-inventions-guitar-duets-and-trios\/#breadcrumb"},"inLanguage":"de","potentialAction":[{"@type":"ReadAction","target":["https:\/\/www.spassbeisaite.de\/wp03\/shop\/musik\/michael-schmolke-j-s-bach-15-inventions-guitar-duets-and-trios\/"]}]},{"@type":"ImageObject","inLanguage":"de","@id":"https:\/\/www.spassbeisaite.de\/wp03\/shop\/musik\/michael-schmolke-j-s-bach-15-inventions-guitar-duets-and-trios\/#primaryimage","url":"https:\/\/www.spassbeisaite.de\/wp03\/wp-content\/uploads\/2021\/08\/album-15-inventions-vs3-ohne-rand-150dpi-scaled.jpg","contentUrl":"https:\/\/www.spassbeisaite.de\/wp03\/wp-content\/uploads\/2021\/08\/album-15-inventions-vs3-ohne-rand-150dpi-scaled.jpg","width":2560,"height":2560,"caption":"Michael Schmolke: J.S. Bach - 15 Inventions - Guitar Duets And Trios."},{"@type":"BreadcrumbList","@id":"https:\/\/www.spassbeisaite.de\/wp03\/shop\/musik\/michael-schmolke-j-s-bach-15-inventions-guitar-duets-and-trios\/#breadcrumb","itemListElement":[{"@type":"ListItem","position":1,"name":"Startseite","item":"https:\/\/www.spassbeisaite.de\/wp03\/"},{"@type":"ListItem","position":2,"name":"Shop","item":"https:\/\/www.spassbeisaite.de\/wp03\/shop\/"},{"@type":"ListItem","position":3,"name":"Michael Schmolke | J.S. Bach: 15 Inventions | Guitar Duets And Trios"}]},{"@type":"WebSite","@id":"https:\/\/www.spassbeisaite.de\/wp03\/#website","url":"https:\/\/www.spassbeisaite.de\/wp03\/","name":"SPASS BEISAITE\u00ae","description":"Musikverlag | Label | Unterricht","publisher":{"@id":"https:\/\/www.spassbeisaite.de\/wp03\/#organization"},"potentialAction":[{"@type":"SearchAction","target":{"@type":"EntryPoint","urlTemplate":"https:\/\/www.spassbeisaite.de\/wp03\/?s={search_term_string}"},"query-input":{"@type":"PropertyValueSpecification","valueRequired":true,"valueName":"search_term_string"}}],"inLanguage":"de"},{"@type":"Organization","@id":"https:\/\/www.spassbeisaite.de\/wp03\/#organization","name":"SPASS BEISAITE Musikverlag","url":"https:\/\/www.spassbeisaite.de\/wp03\/","logo":{"@type":"ImageObject","inLanguage":"de","@id":"https:\/\/www.spassbeisaite.de\/wp03\/#\/schema\/logo\/image\/","url":"http:\/\/www.spassbeisaite.de\/wp03\/wp-content\/uploads\/2021\/07\/spass-schriftzug-14-wp-500x500-7.png","contentUrl":"http:\/\/www.spassbeisaite.de\/wp03\/wp-content\/uploads\/2021\/07\/spass-schriftzug-14-wp-500x500-7.png","width":500,"height":500,"caption":"SPASS BEISAITE Musikverlag"},"image":{"@id":"https:\/\/www.spassbeisaite.de\/wp03\/#\/schema\/logo\/image\/"},"sameAs":["https:\/\/www.youtube.com\/channel\/UC0tdinT0D3WmEvlAVIQfsuQ"]}]}},"_links":{"self":[{"href":"https:\/\/www.spassbeisaite.de\/wp03\/wp-json\/wp\/v2\/product\/932","targetHints":{"allow":["GET"]}}],"collection":[{"href":"https:\/\/www.spassbeisaite.de\/wp03\/wp-json\/wp\/v2\/product"}],"about":[{"href":"https:\/\/www.spassbeisaite.de\/wp03\/wp-json\/wp\/v2\/types\/product"}],"wp:featuredmedia":[{"embeddable":true,"href":"https:\/\/www.spassbeisaite.de\/wp03\/wp-json\/wp\/v2\/media\/946"}],"wp:attachment":[{"href":"https:\/\/www.spassbeisaite.de\/wp03\/wp-json\/wp\/v2\/media?parent=932"}],"wp:term":[{"taxonomy":"product_brand","embeddable":true,"href":"https:\/\/www.spassbeisaite.de\/wp03\/wp-json\/wp\/v2\/product_brand?post=932"},{"taxonomy":"product_cat","embeddable":true,"href":"https:\/\/www.spassbeisaite.de\/wp03\/wp-json\/wp\/v2\/product_cat?post=932"},{"taxonomy":"product_tag","embeddable":true,"href":"https:\/\/www.spassbeisaite.de\/wp03\/wp-json\/wp\/v2\/product_tag?post=932"}],"curies":[{"name":"wp","href":"https:\/\/api.w.org\/{rel}","templated":true}]}}